{"id":881,"date":"2026-02-22T23:54:22","date_gmt":"2026-02-22T20:54:22","guid":{"rendered":"https:\/\/suembutik.com\/?page_id=881"},"modified":"2026-02-22T23:54:23","modified_gmt":"2026-02-22T20:54:23","slug":"kisisel-verilerin-korunmasi-kanunu","status":"publish","type":"page","link":"https:\/\/suembutik.com\/index.php\/kisisel-verilerin-korunmasi-kanunu\/","title":{"rendered":"Ki\u015fisel Verilerin Korunmas\u0131 Kanunu"},"content":{"rendered":"\n<p>6698 Say\u0131l\u0131 Ki\u015fisel Verilerin Korunmas\u0131 Kanunu uyar\u0131nca <strong>Suem Butik<\/strong>, veri sorumlusu s\u0131fat\u0131yla ki\u015fisel verilerinizi kanuna uygun \u015fekilde i\u015flemekle y\u00fck\u00fcml\u00fcd\u00fcr.<\/p>\n\n\n\n<h3 class=\"wp-block-heading\">Verilerin \u0130\u015flenme Amac\u0131<\/h3>\n\n\n\n<ul class=\"wp-block-list\">\n<li>Sipari\u015f s\u00fcre\u00e7lerinin y\u00f6netimi, takibi ve teslimat\u0131.<\/li>\n\n\n\n<li>6502 say\u0131l\u0131 T\u00fcketicinin Korunmas\u0131 Hakk\u0131nda Kanun kapsam\u0131ndaki y\u00fck\u00fcml\u00fcl\u00fcklerin yerine getirilmesi.<\/li>\n\n\n\n<li>M\u00fc\u015fteri \u015fikayet ve \u00f6nerilerinin de\u011ferlendirilmesi.<\/li>\n\n\n\n<li>\u0130lgili mevzuat uyar\u0131nca adli ve idari makamlara bilgi verilmesi.<\/li>\n<\/ul>\n\n\n\n<h3 class=\"wp-block-heading\">Veri Aktar\u0131m\u0131<\/h3>\n\n\n\n<p>Ki\u015fisel verileriniz; yasalarca yetkilendirilmi\u015f kamu kurumlar\u0131, kargo \u015firketleri (Aras, Yurti\u00e7i, Trendyol Express vb.) ve g\u00fcvenli \u00f6deme sistemleri sa\u011flay\u0131c\u0131m\u0131z olan PayTR ile s\u0131n\u0131rl\u0131 ama\u00e7larla payla\u015f\u0131labilir.<\/p>\n\n\n\n<h3 class=\"wp-block-heading\">Veri Sahibinin Haklar\u0131<\/h3>\n\n\n\n<p>KVKK 11. Maddesi uyar\u0131nca her zaman bize ba\u015fvurarak;<\/p>\n\n\n\n<ol start=\"1\" class=\"wp-block-list\">\n<li>Ki\u015fisel verilerinizin i\u015flenip i\u015flenmedi\u011fini \u00f6\u011frenme,<\/li>\n\n\n\n<li>\u0130\u015flenmi\u015fse buna ili\u015fkin bilgi talep etme,<\/li>\n\n\n\n<li>\u0130\u015flenme amac\u0131na uygun kullan\u0131l\u0131p kullan\u0131lmad\u0131\u011f\u0131n\u0131 \u00f6\u011frenme,<\/li>\n\n\n\n<li>Eksik veya yanl\u0131\u015f i\u015flenmi\u015fse d\u00fczeltilmesini isteme haklar\u0131na sahipsiniz.<\/li>\n<\/ol>\n","protected":false},"excerpt":{"rendered":"<p>6698 Say\u0131l\u0131 Ki\u015fisel Verilerin Korunmas\u0131 Kanunu uyar\u0131nca Suem Butik, veri sorumlusu s\u0131fat\u0131yla ki\u015fisel verilerinizi kanuna uygun \u015fekilde i\u015flemekle y\u00fck\u00fcml\u00fcd\u00fcr. Verilerin<\/p>\n","protected":false},"author":1,"featured_media":0,"parent":0,"menu_order":0,"comment_status":"closed","ping_status":"closed","template":"","meta":{"footnotes":""},"class_list":["post-881","page","type-page","status-publish","hentry"],"_links":{"self":[{"href":"https:\/\/suembutik.com\/index.php\/wp-json\/wp\/v2\/pages\/881","targetHints":{"allow":["GET"]}}],"collection":[{"href":"https:\/\/suembutik.com\/index.php\/wp-json\/wp\/v2\/pages"}],"about":[{"href":"https:\/\/suembutik.com\/index.php\/wp-json\/wp\/v2\/types\/page"}],"author":[{"embeddable":true,"href":"https:\/\/suembutik.com\/index.php\/wp-json\/wp\/v2\/users\/1"}],"replies":[{"embeddable":true,"href":"https:\/\/suembutik.com\/index.php\/wp-json\/wp\/v2\/comments?post=881"}],"version-history":[{"count":1,"href":"https:\/\/suembutik.com\/index.php\/wp-json\/wp\/v2\/pages\/881\/revisions"}],"predecessor-version":[{"id":882,"href":"https:\/\/suembutik.com\/index.php\/wp-json\/wp\/v2\/pages\/881\/revisions\/882"}],"wp:attachment":[{"href":"https:\/\/suembutik.com\/index.php\/wp-json\/wp\/v2\/media?parent=881"}],"curies":[{"name":"wp","href":"https:\/\/api.w.org\/{rel}","templated":true}]}}

Kişisel Verilerin Korunması Kanunu

<p>6698 Sayılı Kişisel Verilerin Korunması Kanunu uyarınca <strong>Suem Butik</strong>, veri sorumlusu sıfatıyla kişisel verilerinizi kanuna uygun şekilde işlemekle yükümlüdür.</p>



<h3 class="wp-block-heading">Verilerin İşlenme Amacı</h3>



<ul class="wp-block-list">
<li>Sipariş süreçlerinin yönetimi, takibi ve teslimatı.</li>



<li>6502 sayılı Tüketicinin Korunması Hakkında Kanun kapsamındaki yükümlülüklerin yerine getirilmesi.</li>



<li>Müşteri şikayet ve önerilerinin değerlendirilmesi.</li>



<li>İlgili mevzuat uyarınca adli ve idari makamlara bilgi verilmesi.</li>
</ul>



<h3 class="wp-block-heading">Veri Aktarımı</h3>



<p>Kişisel verileriniz; yasalarca yetkilendirilmiş kamu kurumları, kargo şirketleri (Aras, Yurtiçi, Trendyol Express vb.) ve güvenli ödeme sistemleri sağlayıcımız olan PayTR ile sınırlı amaçlarla paylaşılabilir.</p>



<h3 class="wp-block-heading">Veri Sahibinin Hakları</h3>



<p>KVKK 11. Maddesi uyarınca her zaman bize başvurarak;</p>



<ol start="1" class="wp-block-list">
<li>Kişisel verilerinizin işlenip işlenmediğini öğrenme,</li>



<li>İşlenmişse buna ilişkin bilgi talep etme,</li>



<li>İşlenme amacına uygun kullanılıp kullanılmadığını öğrenme,</li>



<li>Eksik veya yanlış işlenmişse düzeltilmesini isteme haklarına sahipsiniz.</li>
</ol>

<p>6698 Sayılı Kişisel Verilerin Korunması Kanunu uyarınca Suem Butik, veri sorumlusu sıfatıyla kişisel verilerinizi kanuna uygun şekilde işlemekle yükümlüdür. Verilerin</p>
